atest common divisor of 496 and 46914528.
16
What is the highest common factor of 5700057 and 1881?
627
Calculate the greatest common divisor of 12873 and 692307.
21
What is the highest common factor of 23 and 3178271882?
23
Calculate the greatest common factor of 95091972 and 14565.
2913
Calculate the highest common factor of 944301 and 4452.
159
What is the greatest common divisor of 21 and 336669963?
21
Calculate the highest common divisor of 82698 and 361222.
358
What is the greatest common divisor of 465 and 75090?
15
What is the greatest common factor of 98888909 and 61299?
6811
Calculate the greatest common factor of 17271 and 1526346.
171
What is the highest common divisor of 440 and 9448760?
40
Calculate the highest common divisor of 48 and 311367.
3
Calculate the highest common divisor of 25122 and 2615453.
79
Calculate the highest common divisor of 42432 and 14365.
221
Calculate the highest common divisor of 3314 and 115116761.
1657
Calculate the highest common divisor of 1484998832 and 32.
16
What is the highest common divisor of 140168 and 17304?
56
What is the greatest common factor of 190766850 and 12300?
6150
Calculate the greatest common factor of 31251 and 84381.
33
Calculate the highest common factor of 260373 and 455937.
1137
What is the greatest common divisor of 135 and 814215?
15
What is the greatest common divisor of 4361 and 1815422?
623
What is the greatest common divisor of 1264 and 96843888?
1264
Calculate the greatest common factor of 2157792 and 5577.
507
What is the greatest common divisor of 976500 and 646100?
700
Calculate the highest common factor of 618123 and 858.
33
Calculate the highest common divisor of 1534876 and 787493.
1337
Calculate the highest common divisor of 2444152 and 207373.
1583
Calculate the greatest common divisor of 6111 and 3614317.
679
Calculate the highest common factor of 60979 and 18496.
289
Calculate the greatest common factor of 2666618 and 16880.
422
Calculate the greatest common divisor of 40 and 1416710.
10
What is the greatest common factor of 479353407 and 546?
39
What is the highest common divisor of 1705 and 4362655?
55
What is the highest common divisor of 596 and 199165916?
596
Calculate the greatest common divisor of 539 and 584265.
11
Calculate the greatest common factor of 1133 and 1478745147.
1133
Calculate the greatest common divisor of 170935 and 47940.
85
Calculate the highest common factor of 1597462215 and 15.
15
What is the greatest common factor of 216 and 9649584?
216
Calculate the greatest common factor of 51736 and 108808.
232
What is the greatest common divisor of 2127724 and 12968024?
10084
Calculate the greatest common factor of 4173970 and 970.
10
Calculate the greatest common factor of 1544972 and 26455.
5291
What is the greatest common divisor of 9631510 and 280?
70
Calculate the highest common factor of 832 and 5940194.
26
What is the greatest common divisor of 24399486 and 28459?
191
What is the highest common divisor of 109711871 and 381?
127
Calculate the greatest common factor of 8570 and 2079424800.
8570
Calculate the highest common factor of 6722 and 822446783.
3361
Calculate the greatest common divisor of 1681409875 and 125.
125
Calculate the greatest common divisor of 797 and 36256327.
797
Calculate the highest common divisor of 44145 and 22682355.
1635
Calculate the greatest common divisor of 65164603 and 118111.
2513
What is the highest common factor of 9641157 and 282?
141
What is the greatest common divisor of 10643 and 12989854?
29
What is the greatest common factor of 27095526 and 27?
27
What is the greatest common factor of 3704332 and 25972?
604
What is the highest common divisor of 2406244 and 4?
4
Calculate the greatest common divisor of 226766655 and 90.
45
Calculate the highest common divisor of 66 and 81297172.
22
Calculate the greatest common factor of 2014 and 4175402.
38
Calculate the highest common divisor of 1080 and 106169400.
1080
Calculate the highest common divisor of 3986394 and 3186.
354
Calculate the highest common divisor of 2320 and 5112960.
80
What is the greatest common factor of 64397 and 7739?
71
Calculate the greatest common factor of 167009890 and 556.
278
Calculate the highest common factor of 69216 and 17879358.
4326
Calculate the highest common divisor of 18981 and 59607.
333
Calculate the greatest common divisor of 75748 and 16975388.
2612
Calculate the highest common factor of 1250345 and 4520.
565
Calculate the greatest common divisor of 3594886 and 111886.
86
What is the highest common divisor of 2898887 and 7319?
563
Calculate the greatest common factor of 277083 and 208265.
1811
Calculate the highest common factor of 3881742 and 2286.
6
What is the highest common divisor of 7972 and 32434?
2
What is the highest common factor of 373833803 and 179?
179
Calculate the highest common divisor of 4 and 21164768.
4
What is the highest common divisor of 28 and 601463016?
28
What is the greatest common factor of 288 and 10188544?
32
What is the highest common factor of 417 and 6127676?
139
Calculate the greatest common factor of 169 and 6517433.
13
Calculate the highest common divisor of 40355 and 434.
7
Calculate the highest common factor of 811668 and 9204.
156
What is the greatest common factor of 1077 and 96914922?
1077
Calculate the highest common factor of 13354 and 103730.
22
Calculate the greatest common divisor of 154 and 170946688.
22
What is the greatest common factor of 4310 and 33391725?
2155
What is the highest common divisor of 171 and 53475215?
19
Calculate the highest common factor of 38775 and 391886.
517
Calculate the greatest common divisor of 30 and 2407890.
30
Calculate the highest common divisor of 7530 and 3795.
15
Calculate the highest common divisor of 75 and 43924850.
25
Calculate the highest common factor of 1049773014 and 6399.
2133
What is the highest common divisor of 153368107 and 62314?
4451
What is the greatest common divisor of 6806 and 873382?
82
Calculate the greatest common divisor of 30 and 10473954.
6
Calculate the highest common factor of 141452795 and 2596.
649
Calculate the greatest common divisor of 1126 and 53357762.
1126
What is the highest common divisor of 3482435 and 1265?
55
Calculate the highest common divisor of 733731696 and 972.
972
What is the highest common divisor of 3803 and 36818?
1
Calculate the greatest common factor of 474 and 98862654.
474
Calculate the greatest common divisor of 985907 and 59911.
181
Calculate the greatest common factor of 21 and 571917906.
21
What is the greatest common factor of 23467040 and 416?
32
What is the highest common factor of 1110658276 and 84?
28
Calculate the highest common factor of 51992929 and 597.
199
Calculate the greatest common factor of 1735 and 107610.
5
What is the highest common factor of 40 and 35621000?
40
What is the greatest common divisor of 62069 and 5691?
7
Calculate the highest common factor of 21608 and 5214390.
146
What is the highest common divisor of 3177198 and 4284?
306
Calculate the greatest common divisor of 88383127 and 3794.
1897
Calculate the highest common factor of 72765 and 891275.
385
Calculate the highest common divisor of 466 and 5722014.
466
Calculate the highest common divisor of 795 and 24185755.
265
Calculate the highest common divisor of 15675429 and 3993.
363
Calculate the greatest common factor of 743616 and 27072.
576
What is the highest common factor of 3624 and 180006?
6
Calculate the greatest common divisor of 220149 and 1117587.
1203
Calculate the greatest common factor of 30 and 19254525.
15
Calculate the greatest common divisor of 259875 and 301125.
4125
Calculate the highest common divisor of 2800752 and 2128.
304
What is the greatest common factor of 728536 and 15599?
19
What is the greatest common factor of 68733960 and 19095?
1005
What is the highest common divisor of 627200 and 52675?
1225
What is the greatest common divisor of 8864038 and 347786?
1802
What is the highest common divisor of 186979 and 5130189?
757
What is the greatest common divisor of 170775528 and 24?
24
Calculate the greatest common factor of 49 and 2008503.
7
Calculate the highest common factor of 32151984 and 9681.
1383
What is the greatest common divisor of 41472 and 52768?
32
What is the h